0 + -1433444?
-1433444
In base 11, what is 2 + -3a366?
-3a364
In base 5, what is 4002324 + 3?
4002332
In base 3, what is 1102 + -20102111?
-20101002
In base 8, what is 214037 - 5?
214032
In base 8, what is 3440 + 205?
3645
In base 9, what is 7 - 6532?
-6524
In base 5, what is 124141 - 11?
124130
In base 9, what is -3 - -133513?
133510
In base 8, what is -21135 - 2?
-21137
In base 16, what is -1c819 + -4?
-1c81d
In base 9, what is 102745 - 1?
102744
In base 6, what is 114 - -400310?
400424
In base 3, what is 12210211101 - 11?
12210211020
In base 4, what is -32122 + 333?
-31123
In base 13, what is 5 + 18609?
18611
In base 7, what is -142 + -106?
-251
In base 12, what is -b4a0 - -2?
-b49a
In base 4, what is 11320 + -2301?
3013
In base 16, what is 5b + -db6?
-d5b
In base 9, what is 326 - 56?
260
In base 3, what is 21120 + 20?
21210
In base 8, what is -52 + -2664?
-2736
In base 10, what is -13 + 1739?
1726
In base 13, what is 2244 - -28?
226c
In base 3, what is 12012200122201 - -11?
12012200122212
In base 4, what is -11 + 12122?
12111
In base 2, what is 100101010 - 10101011101?
-10000110011
In base 8, what is 252 - 221?
31
In base 8, what is -2645 + 37?
-2606
In base 6, what is -13004 + -232?
-13240
In base 12, what is 14 - 6a480?
-6a468
In base 3, what is 1000101110 - -20212?
1000122022
In base 5, what is 23114 - -210?
23324
In base 8, what is 237 - -115?
354
In base 10, what is 22 + -3161?
-3139
In base 13, what is 5 + 190a8?
190b0
In base 3, what is -102 + 110010212?
110010110
In base 14, what is -7b + -1682?
-171d
In base 11, what is -4 - -10395a?
103956
In base 11, what is -5 + -559632?
-559637
In base 3, what is 221 - -210102012?
210110010
In base 4, what is -31002 - -22?
-30320
In base 12, what is -7 + -3399?
-33a4
In base 12, what is -1100 - -27?
-1095
In base 12, what is 46b3 - b6?
45b9
In base 7, what is -5 - 641662?
-642000
In base 4, what is 11200222103 - 11?
11200222032
In base 3, what is 11 - 122020120221?
-122020120210
In base 12, what is -a + 220?
212
In base 15, what is 100727 - -1?
100728
In base 15, what is 48 - -3e?
87
In base 7, what is 0 + -15341202?
-15341202
In base 7, what is 1 - 2356460?
-2356456
In base 12, what is -5b + -146?
-1a5
In base 16, what is -779fb + 4?
-779f7
In base 2, what is 101 - 101111110100?
-101111101111
In base 6, what is 242 + -144?
54
In base 2, what is -110001001001111100011 + 11?
-110001001001111100000
In base 10, what is -173 + -1577?
-1750
In base 10, what is 1276 + 2?
1278
In base 2, what is 110001010 + 1001100?
111010110
In base 9, what is 61 + -456?
-385
In base 3, what is -220001202122 + 2?
-220001202120
In base 5, what is 3 + 210041?
210044
In base 6, what is 1025043 - -44?
1025131
In base 9, what is -14372 + -4?
-14376
In base 4, what is 1333112 - -122?
1333300
In base 16, what is -3530 - -7?
-3529
In base 8, what is -46 - 306?
-354
In base 16, what is -13 - -1088?
1075
In base 13, what is -5ba3 + -1?
-5ba4
In base 10, what is -172616 - 1?
-172617
In base 13, what is 59 - 82?
-26
In base 9, what is -4 - -2404187?
2404183
In base 5, what is 1110 - 11042?
-4432
In base 6, what is 0 + 10054143?
10054143
In base 9, what is 8466 - 53?
8413
In base 2, what is 1000010011 + 100101111?
1101000010
In base 6, what is -135220 - -1124?
-134052
In base 9, what is -4067057 + 5?
-4067052
In base 2, what is 1101 - 10001101111?
-10001100010
In base 16, what is 4 - -562d?
5631
In base 4, what is -10210003 + 2?
-10210001
In base 6, what is 1115 - -25351?
30510
In base 16, what is -81de - -9?
-81d5
In base 8, what is 3 - -75566?
75571
In base 15, what is 16 + 42e?
445
In base 16, what is 125 + 15db?
1700
In base 16, what is 132842 - -5?
132847
In base 14, what is -42d943 - 4?
-42d947
In base 4, what is -100 + -33313?
-100013
In base 8, what is -3146311 + -5?
-3146316
In base 5, what is -20413 - 14?
-20432
In base 5, what is 1302143 - -24?
1302222
In base 15, what is a + -6d3c?
-6d32
In base 10, what is 3 - -300692?
300695
In base 15, what is 2c33 + 5b?
2c8e
In base 7, what is 120661 + -64?
120564
In base 6, what is -12 + 15551?
15535
In base 13, what is 0 - -3030?
3030
In base 9, what is -54858 + 3?
-54855
In base 12, what is -a677 + 1?
-a676
In base 10, what is 639 + 328?
967
In base 11, what is -38270 + -1?
-38271
In base 6, what is 213404501 - -1?
213404502
In base 13, what is -1b670 - 0?
-1b670
In base 14, what is -9311 + 0?
-9311
In base 3, what is 21 + 1010222021?
1010222112
In base 16, what is -25 + 2371?
234c
In base 15, what is -14 + 196?
182
In base 5, what is 3000244 + 42?
3000341
In base 16, what is -1d7 + 2a10?
2839
In base 5, what is 10 + 1112012?
1112022
In base 7, what is 0 - -12356?
12356
In base 11, what is -2 - -80a1?
809a
In base 16, what is 0 + 84a?
84a
In base 11, what is -126 + -1?
-127
In base 8, what is -10130 - 4?
-10134
In base 5, what is -3 - -112031?
112023
In base 13, what is -167cb9 - -3?
-167cb6
In base 15, what is 29b + -5be?
-323
In base 8, what is 372350 + 24?
372374
In base 6, what is 2421222 + 112?
2421334
In base 6, what is 30500 + 1?
30501
In base 2, what is 1011110010 - -1100101101011?
1110001011101
In base 5, what is -3 - -20304342?
20304334
In base 5, what is -110442 - 113?
-111110
In base 5, what is -12 + 12011400?
12011333
In base 12, what is -1b160a8 + 5?
-1b160a3
In base 5, what is 243212044 + 2?
243212101
In base 4, what is -21 - -210310010?
210303323
In base 5, what is 120000301 + -2?
120000244
In base 7, what is 2632410 + 0?
2632410
In base 4, what is 23020 + 320?
30000
In base 15, what is 1 + 16d893?
16d894
In base 6, what is 1 + -1050535?
-1050534
In base 16, what is 1fbb + -11?
1faa
In base 12, what is 3058 - 256?
2a02
In base 11, what is 40 + 1a90?
2020
In base 2, what is -10010101 + 11110100?
1011111
In base 13, what is -19085 - 8?
-19090
In base 14, what is -266a + 1?
-2669
In base 7, what is 102 + 233442?
233544
In base 13, what is -23 - 38ab?
-3901
In base 4, what is -100122 - 121?
-100303
In base 12, what is -2 - -35aa?
35a8
In base 11, what is 4 + -24513?
-2450a
In base 14, what is -3 - -62922?
6291d
In base 6, what is -2 - 1300353?
-1300355
In base 12, what is 431902 + -6?
4318b8
In base 4, what is 23223 + -12023?
11200
In base 6, what is -34 - -401330?
401252
In base 5, what is -1421 + 444?
-422
In base 2, what is 11010111001001 + 10001?
11010111011010
In base 3, what is -22001020 - -10221?
-21220022
In base 4, what is -2 + -10033110?
-10033112
In base 4, what is -1102221 - -12?
-1102203
In base 9, what is 4 - -1203621?
1203625
In base 3, what is -10 - 2021220010?
-2021220020
In base 3, what is 211022202 + -12?
211022120
In base 11, what is -3a565 - -1?
-3a564
In base 16, what is -11ee + -4?
-11f2
In base 8, what is 171503 - 5?
171476
In base 12, what is -13835 + 4?
-13831
In base 4, what is 12202 + -121?
12021
In base 12, what is -264 - 1495?
-1739
In base 14, what is -4 - 4a60?
-4a64
In base 9, what is 47 + -3404?
-3346
In base 11, what is 3970a8 - -2?
3970aa
In base 16, what is -6c4 + -b?
-6cf
In base 16, what is 7514 + 3?
7517
In base 5, what is -1 + -1123111?
-1123112
In base 6, what is -142453 + 2?
-142451
In base 13, what is 19890ab + 2?
19890b0
In base 13, what is 149b - 1a?
1481
In base 2, what is 1111000000 - -110011010?
10101011010
In base 16, what is 0 + -36e25?
-36e25
In base 7, what is -234551 + -12?
-234563
In base 2, what is -1000010110 - 10101010101101?
-10110011000011
In base 2, what is -100001011 + -101000111?
-1001010010
In base 13, what is -109 - -ab?
-2b
In base 8, what is 17 - -3137?
3156
In base 8, what is -3666 + -4?
-3672
In base 15, what is 370 + -7a?
2e5
In base 2, what is 100101100011110 - -1?
100101100011111
In base 8, what is -45 - 66555?
-66622
In base 15, what is -132 - 4e9?
-62b
In base 3, what is 10211122022 + -10?
10211122012
In base 8, what is 14 + 340661?
340675
In base 6, what is 30 + 1511140?
1511210
In base 5, what is 1404431 + 2?
1404433
In base 3, what is -10100002000 + -11?
-10100002011
In base 3, what is -121 - -222?
101
In base 15, what is dec - b?
de1
In base 16, what is -2 - -2afb?
2af9
In base 14, what is -1c1 - 22?
-203
In base 6, what is -55353 + 3?
-55350
In base 3, what is -12 - -200211101?
200211012
In base 9, what is -15 + 5067?
5052
In base 9, what is 13285 + -11?
13274
In base 7, what is 466